.
-21
6 + 2 + -2 - (-5 + 4 - -21)
-14
What is the value of 2 - (9 - (2 + (13 - (-10 - -9))))?
9
(6 + (4 - 17) - (14 - -1)) + 4
-18
What is (-20 - (15 + -15) - -9) + -11?
-22
Evaluate 24 - ((-27 - -79) + -22).
-6
Evaluate 49 - (8 + 3) - 10 - 10.
18
Calculate (17 - 19) + -23 - -31.
6
Calculate -24 + 24 + (0 - 0) - (14 + -12).
-2
What is the value of -9 - (-12 - (-8 - -2 - -5))?
2
(-2 + 4 + 4 - 4) + 1 - -5
8
What is the value of (2 - -1) + (11 - 17) - -7?
4
Calculate 4 + 8 - (-198 - -196).
14
What is the value of -1 + -12 - -4 - (-1 + -34 + 10)?
16
What is -11 + 18 - -21 - 18?
10
Calculate -553 + 567 - ((-1 - -3) + -7).
19
Calculate 27 + -47 + 26 + -30.
-24
What is -2 - (80 - 50) - (-4 - 2)?
-26
What is (-16 - -8) + 30 - 16?
6
Evaluate 2 + 16 + 0 + 3 - 11.
10
Calculate 20 - (-16 - (-5 + -19)).
12
Evaluate 29 + -3 + (-5 - (-4 + -5)).
30
1 + -12 + -8 + 14
-5
Evaluate 1306 + -1290 - (0 - (-2 + 1 + 1)).
16
(1 - 0) + 1 + 3 + (75 - 79)
1
What is 5 - (49 + -53 + (0 - -1 - -2))?
6
What is 20 + (-9 - (-18 - -8))?
21
2 - (-1 + (-85 - -76 - (1 + -7)))
6
-19 + 44 + -21 + 3
7
What is the value of -17 + 33 + -12 - 28?
-24
What is the value of (33 - (65 - 29)) + -1 + -4 + -2?
-10
Evaluate 1 + (-7 + (3 - 6) - -7) - 1.
-3
What is the value of (-12 + 1 - (-212 + 194)) + -25?
-18
-14 + (-2 + 3 - (-1 + -5)) - 14
-21
Calculate 71 + (-80 - -26) + 14.
31
(-7 + 8 - -9) + (-5 - -1) + 8
14
Evaluate (-16 + 2 - -13) + 0 - 11.
-12
What is -16 - (-33 + 26) - 9?
-18
Evaluate 29 + 4 - (3 + 6) - 9.
15
Evaluate 0 + 5 - 2 - (-5 - 1).
9
What is 16 - (22 + -4 - 20)?
18
Evaluate (6 - (0 - 2)) + 0 + (-1 - 3).
4
-1 - -24 - (-8 - (-5 + (6 - 18)))
14
Evaluate (2 - 2) + 171 + -174.
-3
What is the value of (-32 - -20) + -11 + (2 - -8)?
-13
Calculate -3 + 0 + 15 - (4 - (1 - 1)).
8
Calculate (-14 - (-18 + -3)) + -3.
4
(-5 - 2 - (-124 - -109)) + -18
-10
Calculate (2 - 9) + 0 + 4 + 2 + -1.
-2
53 + -53 + (3 - (-3 - (3 - 9)))
0
What is -7 - 2 - (16 + -16 + -9)?
0
Calculate 11 - (30 + 1 - 17).
-3
What is (0 + -1 + 2 - -23) + (4134 - 4142)?
16
What is -14 + 5 + (6 - 8) + -2?
-13
-35 - (-119 - -46) - 25
13
What is the value of 3 - -3 - (22 + -16 - 16)?
16
What is (-13 - (7 + -23)) + -3?
0
Calculate 0 + -2 + -3 - (35 + (33 - 60)).
-13
What is 13 + -11 + 1 + (-3 - 26) + -2?
-28
-7 + -3 + 3 + (0 - (-1 + -8))
2
Evaluate 9 - (-9 + (-16 - -3) - 10).
41
(-3 - 9) + 5 + (-6 - -10)
-3
Calculate 4 - 17 - -14 - (9 - (-5 + 2)).
-11
What is (1 - -11) + -5 + (36 - 41)?
2
What is the value of (20 - 0) + -20 + 1?
1
What is (89 - 185) + 86 - (-2 - (0 - 6))?
-14
Evaluate 19 + (6 - (92 + -79 - (0 - 0))).
12
8 + 2 + 18 + (-5 + -4 - -6)
25
(-43 - -79) + -44 - -17
9
Evaluate (4 - 15 - 7) + (21 - 15).
-12
Calculate 2 + -11 + (-94 - -108).
5
What is (-3 - 0) + -9 + -76 + 64?
-24
Calculate (4 + 3 - 2) + -87 + 82.
0
Calculate -2 + 9 + (3 - (-10 + 30)) - -3.
-7
What is -54 + 50 + (8 - (1 + 0))?
3
Evaluate (12 - 9 - 4 - 16) + 7 + 4.
-6
What is 41 + -20 + 26 + -39?
8
What is (22 - (36 - 7)) + (-1 - -27)?
19
What is -25 - ((3 - -1) + 4 - (18 + -6))?
-21
Calculate 16 + (9 - 70) + (-2 - 2) - -12.
-37
Calculate -7 + -1 + (-22 + 9 - -28) + 0.
7
-1 - (-7 + (-14 - -25))
-5
12 + 1 + ((17 - 2) + -23 - -13)
18
7 + (9 - (26 - 6))
-4
2 + (1 - -2) - 31 - (-41 + 33)
-18
10 - (-9 + 6 + 21)
-8
What is -1 - (-6 - (-7 - 7))?
-9
What is -36 + (46 - 26) - (0 - -4)?
-20
Calculate -14 + -6 - (-24 - -4).
0
9 + 1 + (-11 + 13 - 3)
9
What is 133 - 130 - (-5 + 3 + -2 + 0)?
7
What is the value of 7 + 6 + (0 - (-2 - -2))?
13
Calculate -2 - (-3 - -1) - (104 + -118).
14
What is the value of ((-8 - (8 - 8)) + 1 - -1) + 23?
17
Evaluate -25 - (43 - 28 - 39).
-1
What is the value of (-11 - -39) + -15 - -9?
22
Calculate (1 - 6) + 17 + (6 - 29).
-11
Evaluate 8 - ((-8 - -6) + 6) - (12 - -23).
-31
Calculate 0 + -12 + 5 - 1.
-8
What is the value of 11 + 7 + (0 - 10)?
8
Evaluate -8 + -1 + 0 + -6 + 17 + -7.
-5
Evaluate 9 + (3 - -5) + -2 + -12.
3
What is 2 + -10 + 6 - (-5 - 5)?
8
Calculate 0 - (1 - 9) - (33 + (-10 - 29)).
14
Calculate 0 + -1 + 4 - (-14 - 5 - -5).
17
Evaluate (21 - 7 - 2 - (0 + 5)) + -1.
6
-2 + 25 + -417 + 418
24
What is the value of -691 + 702 + (-15 - 0)?
-4
(45 - 48) + (2 - 2) + 0
-3
-22 - (1 + -3 + -11 + 6 - -16)
-31
What is (-5 - 3) + (-10 + 3 - -6) - 2?
-11
What is the value of 7 + 5 + (7 + -9 - -3)?
13
Evaluate 8 + -1 + (15 - (15 + 5)) + -8.
-6
(3 - 9 - 15) + 7
-14
Calculate (10 - 55) + 13 + 11.
-21
Calculate 9 + -20 + 6 + -12 + -2 + 0.
-19
Evaluate 11 - ((-20 - -6) + 11) - -1.
15
What is (10 - 0) + (402 - 391) + -4?
17
What is the value of -2 + 7 + 0 - (-65 + 67) - 10?
-7
What is (-8 - (-22 - -8)) + -11?
-5
Calculate 0 - (-42 - -3) - 4 - (-5 - -9).
31
What is the value of 12 - (-10 + (-10 - -31))?
1
8 + 6 + -14 - -9 - -6
15
Calculate 7 + -11 - -10 - 20.
-14
Calculate ((5 - -4) + (0 - 22) - -10) + 11.
8
What is 15 - (-7 - (-21 + -12))?
-11
What is (7 - (-8 - (-7 - -7 - 21))) + -4?
-10
What is 92 - 90 - (-3 - -7 - -3)?
-5
Calculate (-1 - 3) + -2 + -83 + 70.
-19
What is the value of 16 - ((12 - (1 + 5)) + 1)?
9
Evaluate -6 - ((160 - 165) + (-34 - -2)).
31
Calculate -19 + (31 - 6) - 20.
-14
What is the value of 18 - (-18 + 4 + 3 + 9 - 4)?
24
Calculate (16 - 18) + -7 + -20.
-29
Evaluate 11 + 12 + -20 - (4 - 6).
5
(32 - (-44 + 12)) + -39
25
Evaluate 20 + -17 + -8 + (0 - (5 + -2)).
-8
What is 2 - (4 - 3 - (0 - -9))?
10
What is the value of 2 + -9 + -2 + -2 + 9?
-2
What is the value of (-21 - 16) + 16 + 18 - (-5 - 1)?
3
What is 5 - (24 - 29 - (-1 + -9 - 6))?
-6
(-4 - -14) + -5 - -35 - (-65 - -66)
39
Evaluate -15 + -6 - (-5 - (-1 + -3)).
-20
Calculate 29 + -35 + (-1 - (-22 + 3)) + -8.
4
What is the value of 6 + (8 - 13) + -2 + -4?
-5
What is the value of 16 - (-10 + 19 + -19 + 12)?
14
Evaluate 8 - ((0 - -2 - 7) + 12 + 2).
-1
-5 + 0 - ((48 - 23) + -20)
-10
What is the value of -55 + -2 + (-283 - -312)?
-28
13 + (-11 - -25 - 41)
-14
Evaluate (2 - 0) + (1427 - 1395).
34
Evaluate 10 + (7 - 6) + 0 + 1.
12
Calculate -3 + (-3 - 0) - -11.
5
Evaluate (27 - (2 + 4)) + (225 - 217).
29
Calculate (-5 - (3 - 1 - (-19 - -8))) + 10.
-8
Evaluate 24 - (12 - 3) - (20 + 5).
-10
What is the value of 25 + (1 - 11) + (-78 - -88)?
25
What is the value of 7 + (-3 - -18) + -12 + -2 + 7?
15
Calculate -8 + -1 + (-8 - -8) - -6.
-3
32 - (-6 + -8 - -29)
17
What is the value of (-6 - (-13 - (-1 + -4) - 0)) + 13?
15
18 + (3 - (3 - (4 + 8))) - 12
18
What is the value of 4 - (5 - (-10 + 4 - -4))?
-3
What is the value of (-28 + 34 - (-18 + 0)) + -13?
11
Evaluate (8 - (6 - -1 - -4)) + 2 + 1.
0
5 + -8 - ((2 - -5) + -4)
-6
What is the value of (-12 - (3 - (13 - 2))) + 9?
5
-15 - (51 + -43 + -17 + -2)
-4
What is 28 - 13 - ((0 - 7) + 2 + 10)?
10
Evaluate 5 + -18 + -15 + 18 + 0.
-10
What is -4 + 2 + 3 + 6 + 1?
8
What is the value of -3 - 1 - 3 - (8 + -20 - -2)?
3
Evaluate (2 - -7) + -2 - (159 - 159).
7
Evaluate 0 + 13 - (106 - 89).
-4
Calculate 0 - (0 + -16) - (35 + -29).
10
Evaluate -6 + 13 - 3 - 10 - -16.
10
Calculate 10 + -18 - (2 - (-2 + -3)).
-15
Calculate -55 + 22 - -10 - -16.
-7
Calculate (78 - 57) + 1 + -1 + -2 + -3.
16
What is the value of 0 - 1 - (-4 + (6 - (0 - 3)))?
-6
Evaluate -5 + (6 - (13 - 6)) - 3.
-9
What is 11 - (-5 + 6 - (8 + 1) - 6)?
25
Evaluate (-15 - (-25 + 0)) + (1 - 1) + 7.
17
Calculate -11 + 5 + 0 + -11 + (-10 - 11).
-38
What is the value of (-5 - (-10 - (-2 - 1) - 0)) + -11?
-9
Calculate -8 + 14 + -13 + 10 + -19.
-16
1 - 20 - (2161 - 2176)
-4
Evaluate 10 + (19 - 17) - 26.
-14
What is the value of -5 + -8 + (20 - 4) - -1?
4
(1 - -1) + -13 - -14
3
What is the value of 2 + 23 - (28 + -15 + -10)?
22
Evaluate -368 + 350 - (-22 + -1).
5
12 + (11 - 1 - 17)
5
What is 13 - (-7 + 4 + 7 + (-4 - 1))?
14
What is (-13 - (20 + -15)) + 0 + -8 - 10?
-36
What is 11 - (3 - (11 - 10))?
9
What is the value of 8 - ((-18 - -12) + 1 + 7 - 3)?
9
What is the value of -4 - ((33 - 38) + 2 + -6)?
5
What is the value of -12 - (0 + 14 + -6 - 29)?
9
What is the value of -8 + 31 + 14 + -17?
20
What is the value of (6 - 17) + 14 + -16?
-13
What is -34 - -6 - (-84 - -40)?
16
What is 14 + -3 + 17 + (14 - 46)?
-4
What is -7 - (-4 + 0 + (5 - (-2 + 6)))?
-4
What is the value of -58 + 53 - (3 + 4 + 2)?
-14
What is the value of 0 - ((-8 - 6) + 18)?
-4
-51 + 52 - (9 + -2) - (6 + -2)
-10
18 + -17 + (2 - 4) -